[INFO] fetching crate favy 0.1.0-beta.3...
[INFO] checking favy-0.1.0-beta.3 against master#af3c6e733a40e671550e0f0f5aeecaa13772ba56 for pr-74989
[INFO] extracting crate favy 0.1.0-beta.3 into /workspace/builds/worker-5/source
[INFO] validating manifest of crates.io crate favy 0.1.0-beta.3 on toolchain af3c6e733a40e671550e0f0f5aeecaa13772ba56
[INFO] running `Command { std: "/workspace/cargo-home/bin/cargo" "+af3c6e733a40e671550e0f0f5aeecaa13772ba56" "read-manifest" "--manifest-path" "Cargo.toml", kill_on_drop: false }`
[INFO] started tweaking crates.io crate favy 0.1.0-beta.3
[INFO] finished tweaking crates.io crate favy 0.1.0-beta.3
[INFO] tweaked toml for crates.io crate favy 0.1.0-beta.3 written to /workspace/builds/worker-5/source/Cargo.toml
[INFO] running `Command { std: "/workspace/cargo-home/bin/cargo" "+af3c6e733a40e671550e0f0f5aeecaa13772ba56" "generate-lockfile" "--manifest-path" "Cargo.toml" "-Zno-index-update", kill_on_drop: false }`
[INFO] running `Command { std: "/workspace/cargo-home/bin/cargo" "+af3c6e733a40e671550e0f0f5aeecaa13772ba56" "fetch" "--locked" "--manifest-path" "Cargo.toml", kill_on_drop: false }`
[INFO] running `Command { std: "docker" "create" "-v" "/var/lib/crater-agent-workspace/builds/worker-5/target:/opt/rustwide/target:rw,Z" "-v" "/var/lib/crater-agent-workspace/builds/worker-5/source:/opt/rustwide/workdir:ro,Z" "-v" "/var/lib/crater-agent-workspace/cargo-home:/opt/rustwide/cargo-home:ro,Z" "-v" "/var/lib/crater-agent-workspace/rustup-home:/opt/rustwide/rustup-home:ro,Z" "-e" "SOURCE_DIR=/opt/rustwide/workdir" "-e" "CARGO_TARGET_DIR=/opt/rustwide/target" "-e" "CARGO_HOME=/opt/rustwide/cargo-home" "-e" "RUSTUP_HOME=/opt/rustwide/rustup-home" "-w" "/opt/rustwide/workdir" "-m" "1610612736" "--user" "0:0" "--network" "none" "rustops/crates-build-env@sha256:d92eaeed33fa75130ca1ee6c8a01d1ffb62bac859dfdfb3450e3e5d1c0146529" "/opt/rustwide/cargo-home/bin/cargo" "+af3c6e733a40e671550e0f0f5aeecaa13772ba56" "metadata" "--no-deps" "--format-version=1", kill_on_drop: false }`
[INFO] [stdout] db920e6e091b09f0af6514b483c78111e198894430bf6219e457c01d99185058
[INFO] [stderr] WARNING: Your kernel does not support swap limit capabilities or the cgroup is not mounted. Memory limited without swap.
[INFO] running `Command { std: "docker" "start" "-a" "db920e6e091b09f0af6514b483c78111e198894430bf6219e457c01d99185058", kill_on_drop: false }`
[INFO] running `Command { std: "docker" "inspect" "db920e6e091b09f0af6514b483c78111e198894430bf6219e457c01d99185058", kill_on_drop: false }`
[INFO] running `Command { std: "docker" "rm" "-f" "db920e6e091b09f0af6514b483c78111e198894430bf6219e457c01d99185058", kill_on_drop: false }`
[INFO] [stdout] db920e6e091b09f0af6514b483c78111e198894430bf6219e457c01d99185058
[INFO] running `Command { std: "docker" "create" "-v" "/var/lib/crater-agent-workspace/builds/worker-5/target:/opt/rustwide/target:rw,Z" "-v" "/var/lib/crater-agent-workspace/builds/worker-5/source:/opt/rustwide/workdir:ro,Z" "-v" "/var/lib/crater-agent-workspace/cargo-home:/opt/rustwide/cargo-home:ro,Z" "-v" "/var/lib/crater-agent-workspace/rustup-home:/opt/rustwide/rustup-home:ro,Z" "-e" "SOURCE_DIR=/opt/rustwide/workdir" "-e" "CARGO_TARGET_DIR=/opt/rustwide/target" "-e" "CARGO_INCREMENTAL=0" "-e" "RUST_BACKTRACE=full" "-e" "RUSTFLAGS=--cap-lints=forbid" "-e" "CARGO_HOME=/opt/rustwide/cargo-home" "-e" "RUSTUP_HOME=/opt/rustwide/rustup-home" "-w" "/opt/rustwide/workdir" "-m" "1610612736" "--user" "0:0" "--network" "none" "rustops/crates-build-env@sha256:d92eaeed33fa75130ca1ee6c8a01d1ffb62bac859dfdfb3450e3e5d1c0146529" "/opt/rustwide/cargo-home/bin/cargo" "+af3c6e733a40e671550e0f0f5aeecaa13772ba56" "check" "--frozen" "--all" "--all-targets" "--message-format=json", kill_on_drop: false }`
[INFO] [stdout] 871a3e94a23cfb47942b55547e371a6fc2b4fa8cb1304eeed9ba97c1f7694aa4
[INFO] [stderr] WARNING: Your kernel does not support swap limit capabilities or the cgroup is not mounted. Memory limited without swap.
[INFO] running `Command { std: "docker" "start" "-a" "871a3e94a23cfb47942b55547e371a6fc2b4fa8cb1304eeed9ba97c1f7694aa4", kill_on_drop: false }`
[INFO] [stderr]     Blocking waiting for file lock on package cache
[INFO] [stderr]     Checking cfg-if v0.1.10
[INFO] [stderr]    Compiling cc v1.0.59
[INFO] [stderr]    Compiling maybe-uninit v2.0.0
[INFO] [stderr]    Compiling crc32fast v1.2.0
[INFO] [stderr]     Checking adler32 v1.2.0
[INFO] [stderr]    Compiling rayon-core v1.8.0
[INFO] [stderr]    Compiling arrayvec v0.4.12
[INFO] [stderr]     Checking nodrop v0.1.14
[INFO] [stderr]    Compiling syn v0.15.44
[INFO] [stderr]     Checking either v1.6.0
[INFO] [stderr]     Checking float-cmp v0.5.3
[INFO] [stderr]     Checking rle-decode-fast v1.0.1
[INFO] [stderr]     Checking siphasher v0.2.3
[INFO] [stderr]     Checking take_mut v0.2.2
[INFO] [stderr]     Checking xmlparser v0.10.0
[INFO] [stderr]     Checking unicode-script v0.3.0
[INFO] [stderr]     Checking bytemuck v1.4.1
[INFO] [stderr]     Checking unicode-vo v0.1.0
[INFO] [stderr]     Checking ttf-parser v0.2.2
[INFO] [stderr]     Checking xmlwriter v0.1.0
[INFO] [stderr]     Checking typed-arena v1.7.0
[INFO] [stderr]     Checking sw-composite v0.5.10
[INFO] [stderr]     Checking rctree v0.3.3
[INFO] [stderr]    Compiling crossbeam-utils v0.7.2
[INFO] [stderr]    Compiling memoffset v0.5.5
[INFO] [stderr]    Compiling crossbeam-epoch v0.8.2
[INFO] [stderr]    Compiling num-integer v0.1.43
[INFO] [stderr]    Compiling rayon v1.4.0
[INFO] [stderr]    Compiling num-rational v0.2.4
[INFO] [stderr]    Compiling num-iter v0.1.41
[INFO] [stderr]     Checking data-url v0.1.0
[INFO] [stderr]     Checking inflate v0.4.5
[INFO] [stderr]     Checking gif v0.10.3
[INFO] [stderr]     Checking rgb v0.8.25
[INFO] [stderr]     Checking svgtypes v0.5.0
[INFO] [stderr]     Checking roxmltree v0.7.3
[INFO] [stderr]     Checking log v0.4.11
[INFO] [stderr]     Checking num-traits v0.2.12
[INFO] [stderr]     Checking num_cpus v1.13.0
[INFO] [stderr]     Checking memmap v0.7.0
[INFO] [stderr]     Checking deflate v0.7.20
[INFO] [stderr]     Checking base64 v0.10.1
[INFO] [stderr]     Checking simplecss v0.2.0
[INFO] [stderr]    Compiling cmake v0.1.44
[INFO] [stderr]     Checking libflate v0.1.27
[INFO] [stderr]     Checking crossbeam-channel v0.4.4
[INFO] [stderr]     Checking png v0.15.3
[INFO] [stderr]     Checking kurbo v0.2.3
[INFO] [stderr]    Compiling freetype-sys v0.11.0
[INFO] [stderr]    Compiling harfbuzz-sys v0.4.1
[INFO] [stderr]     Checking euclid v0.20.14
[INFO] [stderr]     Checking crossbeam-deque v0.7.3
[INFO] [stderr]     Checking freetype v0.5.1
[INFO] [stderr]     Checking lyon_geom v0.14.1
[INFO] [stderr]     Checking harfbuzz_rs v1.2.0
[INFO] [stderr]     Checking usvg v0.8.0
[INFO] [stderr]     Checking raqote v0.6.4
[INFO] [stderr]    Compiling num-derive v0.2.5
[INFO] [stderr]     Checking jpeg-decoder v0.1.20
[INFO] [stderr]     Checking resvg v0.8.0
[INFO] [stderr]     Checking tiff v0.3.1
[INFO] [stderr]     Checking image v0.22.5
[INFO] [stderr]     Checking ikon v0.1.0-beta.16
[INFO] [stderr]     Checking favy v0.1.0-beta.3 (/opt/rustwide/workdir)
[INFO] [stdout] error[E0432]: unresolved import `ikon::AsSize`
[INFO] [stdout]   --> src/lib.rs:47:41
[INFO] [stdout]    |
[INFO] [stdout] 47 | use ikon::{encode, image::DynamicImage, AsSize};
[INFO] [stdout]    |                                         ^^^^^^ no `AsSize` in the root
[INFO] [stdout] 
[INFO] [stdout] 
[INFO] [stdout] error[E0437]: type `Key` is not a member of trait `Encode`
[INFO] [stdout]    --> src/lib.rs:289:5
[INFO] [stdout]     |
[INFO] [stdout] 289 |     type Key = Size;
[INFO] [stdout]     |     ^^^^^^^^^^^^^^^^ not a member of trait `Encode`
[INFO] [stdout] 
[INFO] [stdout] 
[INFO] [stdout] error[E0407]: method `with_capacity` is not a member of trait `Encode`
[INFO] [stdout]    --> src/lib.rs:291:5
[INFO] [stdout]     |
[INFO] [stdout] 291 | /     fn with_capacity(capacity: usize) -> Self {
[INFO] [stdout] 292 | |         Favicon {
[INFO] [stdout] 293 | |             pngs: HashMap::with_capacity(capacity),
[INFO] [stdout] 294 | |             svgs: HashMap::new(),
[INFO] [stdout] ...   |
[INFO] [stdout] 298 | |         }
[INFO] [stdout] 299 | |     }
[INFO] [stdout]     | |_____^ not a member of trait `Encode`
[INFO] [stdout] 
[INFO] [stdout] 
[INFO] [stdout] error[E0407]: method `add_entry` is not a member of trait `Encode`
[INFO] [stdout]    --> src/lib.rs:305:5
[INFO] [stdout]     |
[INFO] [stdout] 305 | /     fn add_entry<F: FnMut(&DynamicImage, u32) -> io::Result<DynamicImage>>(
[INFO] [stdout] 306 | |         &mut self,
[INFO] [stdout] 307 | |         filter: F,
[INFO] [stdout] 308 | |         source: &Image,
[INFO] [stdout] ...   |
[INFO] [stdout] 314 | |         }
[INFO] [stdout] 315 | |     }
[INFO] [stdout]     | |_____^ not a member of trait `Encode`
[INFO] [stdout] 
[INFO] [stdout] 
[INFO] [stdout] warning: unused import: `Encode`
[INFO] [stdout]  --> src/test.rs:1:23
[INFO] [stdout]   |
[INFO] [stdout] 1 | use crate::{resample, Encode, Favicon, Image, Save, Size};
[INFO] [stdout]   |                       ^^^^^^
[INFO] [stdout]   |
[INFO] [stdout]   = note: `#[warn(unused_imports)]` on by default
[INFO] [stdout] 
[INFO] [stdout] 
[INFO] [stdout] error: aborting due to 4 previous errors; 1 warning emitted
[INFO] [stdout] 
[INFO] [stdout] 
[INFO] [stdout] Some errors have detailed explanations: E0407, E0432, E0437.
[INFO] [stdout] 
[INFO] [stdout] For more information about an error, try `rustc --explain E0407`.
[INFO] [stdout] 
[INFO] [stderr] error: could not compile `favy`.
[INFO] [stderr] 
[INFO] [stderr] To learn more, run the command again with --verbose.
[INFO] [stderr] warning: build failed, waiting for other jobs to finish...
[INFO] [stdout] error[E0432]: unresolved import `ikon::AsSize`
[INFO] [stdout]   --> src/lib.rs:47:41
[INFO] [stdout]    |
[INFO] [stdout] 47 | use ikon::{encode, image::DynamicImage, AsSize};
[INFO] [stdout]    |                                         ^^^^^^ no `AsSize` in the root
[INFO] [stdout] 
[INFO] [stdout] 
[INFO] [stdout] error[E0437]: type `Key` is not a member of trait `Encode`
[INFO] [stdout]    --> src/lib.rs:289:5
[INFO] [stdout]     |
[INFO] [stdout] 289 |     type Key = Size;
[INFO] [stdout]     |     ^^^^^^^^^^^^^^^^ not a member of trait `Encode`
[INFO] [stdout] 
[INFO] [stdout] 
[INFO] [stdout] error[E0407]: method `with_capacity` is not a member of trait `Encode`
[INFO] [stdout]    --> src/lib.rs:291:5
[INFO] [stdout]     |
[INFO] [stdout] 291 | /     fn with_capacity(capacity: usize) -> Self {
[INFO] [stdout] 292 | |         Favicon {
[INFO] [stdout] 293 | |             pngs: HashMap::with_capacity(capacity),
[INFO] [stdout] 294 | |             svgs: HashMap::new(),
[INFO] [stdout] ...   |
[INFO] [stdout] 298 | |         }
[INFO] [stdout] 299 | |     }
[INFO] [stdout]     | |_____^ not a member of trait `Encode`
[INFO] [stdout] 
[INFO] [stdout] 
[INFO] [stdout] error[E0407]: method `add_entry` is not a member of trait `Encode`
[INFO] [stdout]    --> src/lib.rs:305:5
[INFO] [stdout]     |
[INFO] [stdout] 305 | /     fn add_entry<F: FnMut(&DynamicImage, u32) -> io::Result<DynamicImage>>(
[INFO] [stdout] 306 | |         &mut self,
[INFO] [stdout] 307 | |         filter: F,
[INFO] [stdout] 308 | |         source: &Image,
[INFO] [stdout] ...   |
[INFO] [stdout] 314 | |         }
[INFO] [stdout] 315 | |     }
[INFO] [stdout]     | |_____^ not a member of trait `Encode`
[INFO] [stdout] 
[INFO] [stdout] 
[INFO] [stdout] error: aborting due to 4 previous errors
[INFO] [stdout] 
[INFO] [stdout] 
[INFO] [stdout] Some errors have detailed explanations: E0407, E0432, E0437.
[INFO] [stdout] 
[INFO] [stdout] For more information about an error, try `rustc --explain E0407`.
[INFO] [stdout] 
[INFO] [stderr] error: build failed
[INFO] running `Command { std: "docker" "inspect" "871a3e94a23cfb47942b55547e371a6fc2b4fa8cb1304eeed9ba97c1f7694aa4", kill_on_drop: false }`
[INFO] running `Command { std: "docker" "rm" "-f" "871a3e94a23cfb47942b55547e371a6fc2b4fa8cb1304eeed9ba97c1f7694aa4", kill_on_drop: false }`
[INFO] [stdout] 871a3e94a23cfb47942b55547e371a6fc2b4fa8cb1304eeed9ba97c1f7694aa4
